6
In base 5, what is -13232 + 204202?
140420
In base 3, what is 2102112 + 2101?
2111220
In base 16, what is b7e - 4af25?
-4a3a7
In base 9, what is 80627 - 388?
80228
In base 4, what is 33001 - -123233?
222300
In base 15, what is 22 - -2445e9?
24461b
In base 8, what is -34012 + 7546?
-24244
In base 12, what is 1024070a + 2?
10240710
In base 8, what is -2460 + -2752?
-5432
In base 6, what is 21414440 - -132?
21415012
In base 10, what is 66 + -100984?
-100918
In base 10, what is 626895 - -3?
626898
In base 9, what is -2 + 28044660?
28044657
In base 2, what is -101110110110011111110010 - 11?
-101110110110011111110101
In base 9, what is -1571 + -40740?
-42421
In base 6, what is -154 - -1114315?
1114121
In base 7, what is 2365160533 + -1?
2365160532
In base 10, what is -2717 - 12469?
-15186
In base 16, what is -53456 + 15c?
-532fa
In base 13, what is -7a350b + -6?
-7a3514
In base 2, what is -100 - -10001110101110010100000010100?
10001110101110010100000010000
In base 9, what is -154 + 315874?
315720
In base 6, what is 333 - 155550013?
-155545240
In base 14, what is -13 + -2221b2?
-2221c5
In base 2, what is -110001001010100 - -111100100000001?
1011010101101
In base 13, what is 4bc65c8 + -4?
4bc65c4
In base 12, what is 0 + -173b608?
-173b608
In base 10, what is 72099 - 330?
71769
In base 12, what is 1ba7b71 - -4a?
1ba7bbb
In base 7, what is -20 + 156552202?
156552152
In base 13, what is 9331 - -10a07?
1a038
In base 2, what is 10111 + -100111111111110011?
-100111111111011100
In base 16, what is 11f - -451a?
4639
In base 4, what is 31031132021 - -3?
31031132030
In base 13, what is -47046a - 1?
-47046b
In base 7, what is 524400 - -2540?
530240
In base 15, what is b149c1 + -b?
b149b5
In base 2, what is 101110111010110000001110 + -100?
101110111010110000001010
In base 8, what is 32114511 + 10?
32114521
In base 6, what is 34 - 254441045?
-254441011
In base 15, what is 5126703 + 3?
5126706
In base 16, what is -4 - 1eca?
-1ece
In base 7, what is -11140 - 206?
-11346
In base 3, what is 102120001010000 + 10202?
102120001020202
In base 11, what is -a - 45a988?
-45a997
In base 2, what is 100 + -10001100011100100110001?
-10001100011100100101101
In base 2, what is -10011101000000011000100101 - -10000?
-10011101000000011000010101
In base 13, what is -82 - 44509?
-4458b
In base 5, what is 1123233214 - -10?
1123233224
In base 4, what is 1130010 + 3321022?
11111032
In base 6, what is -2 - 122433250?
-122433252
In base 14, what is 2a + 31c40?
31c6a
In base 9, what is 5 + 63128738?
63128744
In base 16, what is 41749d - 6c?
417431
In base 15, what is -11ea2a6 - -2?
-11ea2a4
In base 3, what is 11012002212 + 22200222?
11111210211
In base 4, what is 21232101 + -10033033?
11133002
In base 6, what is -2222 - 10313532?
-10320154
In base 14, what is d86d46c + -1?
d86d46b
In base 10, what is -20 - -411997?
411977
In base 12, what is 17 - -30500?
30517
In base 6, what is -4530235 - -2022?
-4524213
In base 2, what is -1010111000 - -11110010100010101?
11110001001011101
In base 11, what is 5 - 1440344?
-144033a
In base 10, what is -213 + 234220?
234007
In base 11, what is -664 + 354265?
353701
In base 6, what is 1415142142 - -5?
1415142151
In base 15, what is -2745ca - 49?
-274624
In base 6, what is -20 + 1242142235?
1242142215
In base 9, what is 152637 - -1335?
154073
In base 11, what is -5380258 - 4?
-5380261
In base 14, what is 7963059 + -2?
7963057
In base 7, what is -225441 + 1152?
-224256
In base 13, what is -5 + -a76548?
-a76550
In base 7, what is 0 + -10660551?
-10660551
In base 16, what is -3a5522 + -1?
-3a5523
In base 10, what is 98563289 - -4?
98563293
In base 5, what is -14444314231 + 10?
-14444314221
In base 7, what is -1444113 - -1306?
-1442504
In base 6, what is 13302043 + -201?
13301442
In base 13, what is -166 + 44122?
43c89
In base 13, what is 2 - 5a75376?
-5a75374
In base 3, what is -12 + -11022202212021?
-11022202212110
In base 8, what is 2 + 13313511?
13313513
In base 6, what is 21512454 + 433?
21513331
In base 15, what is -516eabe + 1?
-516eabd
In base 11, what is -11386533 + 5?
-11386529
In base 7, what is -16054556 - -16?
-16054540
In base 14, what is -3 + 15a3930d?
15a3930a
In base 4, what is -230323 + 1102?
-223221
In base 14, what is -5 + -32634?
-32639
In base 6, what is -10 - -102543131?
102543121
In base 15, what is -1d - -cb890?
cb872
In base 13, what is -2 + cb488?
cb486
In base 4, what is 23112210 + -21321?
23030223
In base 10, what is 13802949 + -1?
13802948
In base 5, what is 1002 + -2204002?
-2203000
In base 13, what is 16b4c + -215?
16937
In base 9, what is 117 + 562407?
562525
In base 10, what is 3 + 3475460?
3475463
In base 7, what is -201430 + 452?
-200645
In base 3, what is 12211 - -1210221222?
1211011210
In base 7, what is 503 + -213432?
-212626
In base 2, what is -11010000000110000010011111 + 101?
-11010000000110000010011010
In base 4, what is 3010210002 - 0?
3010210002
In base 15, what is -10d0 - -4378?
3298
In base 12, what is 193a4 - 128b?
18115
In base 3, what is 10020 + -2022001100?
-2021221010
In base 7, what is 3 - 135241662?
-135241656
In base 4, what is -2 + -30201101033?
-30201101101
In base 11, what is 1574 - 85a?
815
In base 16, what is 6 - 1097?
-1091
In base 9, what is 101 + 6602320?
6602421
In base 9, what is 3383 - 36400?
-33006
In base 16, what is -4 + -18ed2d?
-18ed31
In base 5, what is 131420113444 - 4?
131420113440
In base 2, what is -1000011101 - 1001001000101111?
-1001010001001100
In base 15, what is -9 - c34bc?
-c34c6
In base 2, what is -110100001000001001111 - -1011001?
-110100000111111110110
In base 10, what is 2491543 + 391?
2491934
In base 6, what is -20 - -250111132?
250111112
In base 12, what is 426b + -18?
4253
In base 8, what is 7557023 - 1?
7557022
In base 2, what is -11000011100111010010 + 1011110?
-11000011100101110100
In base 16, what is 3d997 - 34?
3d963
In base 3, what is 100112221101 + -111?
100112220220
In base 10, what is -2 + 251609?
251607
In base 10, what is 2313807 - 1?
2313806
In base 2, what is -1001011110 + -1001001100?
-10010101010
In base 9, what is 11 + 1180126?
1180137
In base 5, what is -303004044 + -111?
-303004210
In base 14, what is -9a2 + da66?
d0a4
In base 3, what is 210211 - -220210221210?
220211202121
In base 11, what is 3393 + -365a0?
-33208
In base 15, what is -5 + -133127?
-13312c
In base 7, what is 16006 + -453135?
-434126
In base 16, what is -3c10 + 14152?
10542
In base 12, what is 4 - -22bb010?
22bb014
In base 16, what is -41c35 - 21?
-41c56
In base 9, what is 0 - 35526156?
-35526156
In base 15, what is -13a4774 - -1?
-13a4773
In base 12, what is -386336 - 86?
-386400
In base 8, what is -2544 - -4005?
1241
In base 13, what is 1098bc91 - 14?
1098bc7a
In base 2, what is 111010111001010010 - -1101010?
111010111010111100
In base 12, what is 6a - 367181?
-367113
In base 7, what is -3 - -662104234?
662104231
In base 6, what is -40111222 - -232?
-40110550
In base 11, what is 13 + 2857298?
2857300
In base 3, what is 11222211 - -210001002?
222000220
In base 4, what is 31220 - 300213322?
-300122102
In base 3, what is 102201000102 + 10012?
102201010121
In base 16, what is -4ab141c + 3?
-4ab1419
In base 3, what is -10202222 + 1000220?
-2202002
In base 6, what is -1 + 2011144513?
2011144512
In base 14, what is -3 - 3313d9?
-3313dc
In base 10, what is -648767 + 1101?
-647666
In base 4, what is 2120 - 202020323312?
-202020321132
In base 3, what is -210221020 + -2000?
-211000020
In base 4, what is 32202010033302 + 10?
32202010033312
In base 8, what is 34 - -14462?
14516
In base 2, what is -10 + -10101101010010000101100?
-10101101010010000101110
In base 13, what is -221a8 - 61?
-22239
In base 8, what is 3074026 + -13?
3074013
In base 9, what is -251686012 + 1?
-251686011
In base 5, what is 2 + 1323101313?
1323101320
In base 7, what is 311 - 6520?
-6206
In base 15, what is 1ba + d54d?
d718
In base 10, what is -190 - 31412?
-31602
In base 3, what is 200022012112 + -210?
200022011202
In base 5, what is 113211 + -21222?
41434
In base 8, what is -105 + 20505350?
20505243
In base 7, what is 541401 + 11251?
552652
In base 6, what is -115232155230 - 3?
-115232155233
In base 15, what is -39 + 394a0e?
3949c5
In base 6, what is 4 + 134012450?
134012454
In base 7, what is -2 - 2600062223?
-2600062225
I